ime?
False
Let q(m) = 6*m**3 - 20*m + 8*m + 2*m**2 - 1 + 16*m. Is q(3) a composite number?
False
Let j = -31 - -39. Suppose -5*x + 288 = 3*u - j*x, -268 = -3*u - x. Is u composite?
True
Let p(c) = -c**3 - 12*c**2 - 22*c - 21. Let k be p(-10). Is 667 - ((-12)/4 - -3)/k a composite number?
True
Let x(h) = 2*h**2 + 2*h - 2. Let g be x(-2). Let o(a) = -6*a + 0*a - 5 - 2*a + 7*a**g. Is o(8) a prime number?
True
Let d(o) = 3*o**2 - o + 63. Is d(-10) a composite number?
False
Is 185288/16 - (-2 + (-28)/(-8)) a composite number?
False
Let a(h) = -122*h + 63. Is a(-8) composite?
False
Let s = 44 - 33. Suppose 0 = -s*y + 3*y + 1112. Is y composite?
False
Let v be -2*(229/2 - -1). Is 4 - (v - (-2)/(-1)) composite?
True
Let i = 674 - 164. Let u = i - 288. Suppose -4*g + 6*g - u = 0. Is g a composite number?
True
Let t be 1 + 3 + 2 + -6. Let l(y) = -2*y - 3*y + 5*y - y**3 + y**2 + 31. Is l(t) prime?
True
Suppose 10*n + 300 = 1210. Let i = n + -4. Is i prime?
False
Suppose -12*g + 278839 = -237485. Is g a composite number?
True
Suppose 0 = 4*r + q - 6*q - 1455, -3*r + 1074 = 2*q. Suppose 303 = 3*c - r. Suppose 16*x - 15*x = c. Is x a prime number?
False
Let y(d) = 810*d**3 - 39*d**2 + 131*d + 11. Is y(4) a prime number?
False
Let o = -4738 + 7919. Is o prime?
True
Let s(l) = 1405*l**2 + 2*l + 1. Let p be s(-1). Let z = p - 589. Is z a composite number?
True
Let i be 2*(-1 - -2) + -6. Let y be ((-1)/i)/((-6)/(-24)). Is y/(1/(722 - 1)) a prime number?
False
Suppose -2*i + 9478 = -x, 6*x - 11*x + 9502 = 2*i. Is i prime?
False
Suppose 3*x + 4560 = 3*t, 2*t - 2*x + 5*x = 3055. Is t a composite number?
False
Let i(r) = -6 + 14 + r**2 + 2. Is i(-8) prime?
False
Suppose -2*u - 3 - 5 = 0. Is 477 - (u + 4 + (-1 - 1)) prime?
True
Suppose -5*l - 6 + 21 = 0. Let b(k) = l + 0*k - 7*k + 74*k**2 + 4*k. Is b(2) a prime number?
True
Let z(l) = -2*l**3 - 20*l**2 + 12*l - 32. Is z(-15) a prime number?
False
Let r be (0/1)/((-2)/2). Let c(k) = 51*k**2. Let s be c(-2). Suppose 5*o - o - s = r. Is o a composite number?
True
Suppose 5*o + 7 = -8. Let s be (o + 24)*2/7. Let b(u) = u**3 - 3*u**2 + 5*u + 7. Is b(s) a composite number?
True
Suppose 4*d - 18 = -2*j - 4, -3*j = -4*d + 29. Let a(g) = -668*g + 1. Is a(j) prime?
False
Suppose 24 = 8*s + 8. Suppose s*q + 14 - 304 = 0. Is q a prime number?
False
Let a be 2 - (1 + -2)*211. Let c = a - 79. Is c a prime number?
False
Is 21467/(-4)*(-10 + 0 + 6) prime?
True
Suppose -4*a - 7 = 17. Is -2 - (2355/a + (-6)/(-4)) a composite number?
False
Suppose -3*u + 1 = -4*t, -5*t + 4*u = 4 - 2. Suppose 0*h = t*h - 2722. Is h a composite number?
False
Let p(a) = -2*a - 5. Let h be p(-2). Is (h/(-2))/((-2)/(-8)) + 35 a composite number?
False
Let n = -4572 + 20465. Is n a composite number?
True
Let p(f) = 229*f - 18. Is p(7) a composite number?
True
Suppose -64180 = -26*b + 16*b. Is b prime?
False
Suppose 6 = 5*h - 4, -5*m + 3*h = 96. Is 322 - (m/(-15))/((-8)/(-20)) a composite number?
True
Suppose -2*y + 1158 = 4*n, -1178 + 18 = -2*y - 5*n. Suppose 3*l - 1212 = -5*j, -655 = -3*l + j + y. Is l a composite number?
False
Let q be (2 + -6)/(2/(-2)). Suppose q*u - 12 = -s + 2*s, 3*u = -s + 9. Suppose 5*c + 25 = s, w = 2*c + 88 - 11. Is w a prime number?
True
Suppose h - 2*v + v - 10 = 0, 2*v = 5*h - 35. Suppose 2*j = h*j - 1308. Let q = j + -149. Is q a composite number?
True
Let i = -16079 + 10227. Is i/(-20) + (-2)/(-5) a prime number?
True
Suppose 15*s + 109 = 34. Let x be (-2)/(-9) + (-3202)/(-9). Is 1/(((-10)/x)/s) prime?
False
Is ((-5468)/6)/((-12)/18) composite?
False
Suppose -3*f + 24 = -3*o, 4*f - 33 = 3*o - 5. Is ((-2)/8)/(f/(-7792)) prime?
True
Let p = 109 - 57. Suppose -6*t + 17*t - 44 = 0. Is 4 + (-12)/t + p composite?
False
Suppose 0 = -g + 4*g - 1308. Suppose -3*u + 3558 = 2*o, u - 2*o - g - 750 = 0. Is u prime?
False
Let w(h) = h**3 - 22*h**2 + 20*h + 27. Let i be w(21). Let r(c) = 28*c**3 - 7*c**2 - 4*c + 7. Is r(i) prime?
True
Suppose -2*o + s + 63 = 2*s, 0 = 3*o + 3*s - 99. Suppose i = -i - o. Let j(k) = -k + 7. Is j(i) composite?
True
Let q(k) = k + 4. Let h be q(0). Let d be 6/(-81)*3 - (-180)/81. Suppose h*x - c = 861, -4*x + 855 = 3*c + d*c. Is x a composite number?
True
Let o(f) = f - 15. Let i be o(17). Suppose -414 = -2*c - 0*b + i*b, 5*c + b = 1005. Is c a composite number?
True
Suppose -3*c = -l + 4132, -2*l - 2*c = -7*c - 8259. Is l a prime number?
False
Let c = 864 + -1661. Let s = c + 2898. Is s a prime number?
False
Suppose 0 = -k - 3*b + 5764, 0 = -k + 2*b + 1441 + 4338. Is k prime?
False
Let y be 3/(-7) - 1476/(-14). Let g be -1*(9/(-3) + -2). Suppose 4*u + y = -5*o + 441, g*o + 59 = u. Is u a prime number?
True
Let l(j) be the second derivative of 5*j**4/3 - j**3/6 - 4*j. Let c be l(-1). Let x = c + -14. Is x composite?
False
Is 2126105/(-34)*12/(-30) prime?
True
Suppose 9 = m - 60. Let u = -36 + m. Let q = u + -20. Is q composite?
False
Let s = -88 - -87. Is (-2 + (0 - s))*-933 composite?
True
Let f = 737 - 1251. Let j = -782 - f. Let r = -189 - j. Is r a composite number?
False
Let w(g) be the second derivative of g**5/10 - g**4/2 - g**3 + 7*g**2/2 + 25*g. Is w(5) a composite number?
True
Let z(g) = 5554*g**2 - 5*g + 20. Is z(3) prime?
True
Let i(n) = n**3 - 12*n**2 + 8*n - 26. Is i(15) a prime number?
True
Let n be (-12)/10*(-40)/(-6). Let i = -8 - n. Suppose -5*x - 101 + 271 = i. Is x prime?
False
Suppose -72 = 2*d + 158. Let i = 86 + 148. Let l = i + d. Is l a composite number?
True
Is (9166/14)/(44/308) prime?
True
Let i be (-2)/(-9) + (-145565)/(-45). Let q = -9 + 16. Suppose -q*l + 2*l = -i. Is l a composite number?
False
Let c be ((-22)/(-4) - 3)*2. Suppose 3*u = c*d - 721, 0*d + 4*d - 2*u = 576. Is d prime?
False
Let r(i) = -i**2 + 13*i - 13. Let c be r(11). Let a = c + -5. Suppose k - 1335 = -a*k. Is k a prime number?
False
Let x = -11857 + 22224. Is x a composite number?
True
Suppose -q + 9 = 2*k, 0 = 5*q - 12 - 13. Suppose 878 = 4*l - 2*i, k*l + 4*i = 3*l - 209. Is l composite?
True
Let x be -2 + 1 - 1670/2 - -2. Let g = -425 - x. Is g composite?
False
Suppose -4*k + 0*k = -24116. Is k a prime number?
True
Let s(z) = -3*z**3 + 150*z**2 - 47*z + 71. Is s(49) a composite number?
True
Let w(h) = 9*h**2 - 4*h - 137. Is w(-38) a prime number?
False
Let o = 54923 - 37524. Is o prime?
False
Let q(b) = 58*b**2 + 99*b - 66. Is q(29) prime?
False
Suppose 3*w = -12, -3*q = -2*w + 6*w - 1058. Suppose -c + q = -0*c. Is c a composite number?
True
Suppose -3*x + 247 + 1550 = 0. Is x prime?
True
Let z = 13341 + -8252. Is z composite?
True
Suppose 25*d - 30362 + 8137 = 0. Is d prime?
False
Suppose -v + 18 = 5*v. Let q(l) = 115*l + 8. Is q(v) prime?
True
Let y(b) = 1497*b + 19. Is y(4) composite?
False
Suppose -7*q + 19657 - 2724 = 0. Is q a prime number?
False
Suppose 0 = 4*n - 2*r - 2*r + 92, -3*r + 41 = -2*n. Let a = n + 717. Is a composite?
True
Let o be ((-27 + 2)/(-5))/((-1)/(-606)). Is o/(-3)*4/(-8) prime?
False
Suppose -4 = -a + 8. Suppose 6*q = 3*q + a. Let l(s) = 35*s + 9. Is l(q) a prime number?
True
Let p(m) = 2*m + 7. Let t be p(3). Suppose 1 - t = -3*q. Suppose q*h - 275 = -h. Is h a composite number?
True
Let n(g) = -11 + 156*g + 2 - 1. Is n(4) a composite number?
True
Suppose 37*v = 1048651 - 552. Is v a composite number?
True
Let p be (-2)/(-8) + 225/(-36). Let v be p/(-4) - (-1935)/10. Let j = 1252 - v. Is j a prime number?
False
Is (-5 - -17174)*((-15)/9 + 2) prime?
False
Let h = -750 + 7991. Is h a composite number?
True
Suppose -19338 - 12286 = -8*h. Is h prime?
False
Let j(s) = s**2 - 6*s + 131. Is j(18) a prime number?
True
Let w = -680 - 902. Let c = w + 3378. Suppose -4*x + c = 624. Is x a composite number?
False
Is (1*(-1)/(-4))/(2/25304) a prime number?
True
Suppose -6*p - p = -p. Suppose -2*s + 169 + 429 = p. Is s composite?
True
Let j = 306 - 310. Let s(h) = 2*h**3 + 8*h**2 - 2*h + 8. Let a(x) = x**2 + 1. Let b(g) = 3*a(g) - s(g). Is b(j) prime?
False
Let b(v) be the second derivative of 35*v**3/6 + v**2 + 4*v. Let o be b(6). Let n = -106 + o. Is n composite?
True
Suppose -5*i + 9*i + 62507 = 5*h, -5*i + 12484 = h. Is h a prime number?
False
Let m(z) = -7*z**3 - 9*z**2 + z - 13. Is m(-6) a composite number?
True
Let c(z) be the second derivative of z**4/12 + 4*z**3/3 + z**2 - 2*z. Suppose